{"id":25,"date":"2024-08-05T08:50:00","date_gmt":"2024-08-05T01:50:00","guid":{"rendered":"https:\/\/batlote.org\/?page_id=25"},"modified":"2024-09-19T00:21:25","modified_gmt":"2024-09-18T17:21:25","slug":"blog-tin-tuc","status":"publish","type":"page","link":"https:\/\/batlote.org\/?page_id=25","title":{"rendered":"Blog tin t\u1ee9c"},"content":{"rendered":"\n<div class=\"wp-block-query is-layout-flow wp-block-query-is-layout-flow\"><ul class=\"wp-block-post-template is-layout-flow wp-block-post-template-is-layout-flow\"><li class=\"wp-block-post post-184 post type-post status-publish format-standard hentry category-cam-nang-mang-thai\">\n\n<div class=\"wp-block-columns are-vertically-aligned-center is-layout-flex wp-container-core-columns-is-layout-9d6595d7 wp-block-columns-is-layout-flex\">\n<div class=\"wp-block-column is-vertically-aligned-center is-layout-flow wp-block-column-is-layout-flow\" style=\"flex-basis:25%\">\n\n\n<figure class=\"wp-block-image size-large\"><img loading=\"lazy\" decoding=\"async\" width=\"1024\" height=\"513\" src=\"https:\/\/batlote.org\/wp-content\/uploads\/2024\/09\/Screenshot-2024-09-19-000622-1024x513.png\" alt=\"\" class=\"wp-image-139\" srcset=\"https:\/\/batlote.org\/wp-content\/uploads\/2024\/09\/Screenshot-2024-09-19-000622-1024x513.png 1024w, https:\/\/batlote.org\/wp-content\/uploads\/2024\/09\/Screenshot-2024-09-19-000622-300x150.png 300w, https:\/\/batlote.org\/wp-content\/uploads\/2024\/09\/Screenshot-2024-09-19-000622-768x385.png 768w, https:\/\/batlote.org\/wp-content\/uploads\/2024\/09\/Screenshot-2024-09-19-000622.png 1047w\" sizes=\"auto, (max-width: 1024px) 100vw, 1024px\" \/><\/figure>\n<\/div>\n\n\n\n<div class=\"wp-block-column is-vertically-aligned-center is-layout-flow wp-block-column-is-layout-flow\" style=\"flex-basis:75%\"><h2 class=\"wp-block-post-title\"><a href=\"https:\/\/batlote.org\/?p=184\" target=\"_self\" >B\u00e0 b\u1ea7u n\u00ean \u0103n g\u00ec \u0111\u1ec3 con th\u00f4ng minh?<\/a><\/h2><\/div>\n<\/div>\n\n<\/li><li class=\"wp-block-post post-179 post type-post status-publish format-standard hentry category-cam-nang-mang-thai\">\n\n<div class=\"wp-block-columns are-vertically-aligned-center is-layout-flex wp-container-core-columns-is-layout-9d6595d7 wp-block-columns-is-layout-flex\">\n<div class=\"wp-block-column is-vertically-aligned-center is-layout-flow wp-block-column-is-layout-flow\" style=\"flex-basis:25%\">\n\n\n<figure class=\"wp-block-image size-large\"><img loading=\"lazy\" decoding=\"async\" width=\"1024\" height=\"513\" src=\"https:\/\/batlote.org\/wp-content\/uploads\/2024\/09\/Screenshot-2024-09-19-000622-1024x513.png\" alt=\"\" class=\"wp-image-139\" srcset=\"https:\/\/batlote.org\/wp-content\/uploads\/2024\/09\/Screenshot-2024-09-19-000622-1024x513.png 1024w, https:\/\/batlote.org\/wp-content\/uploads\/2024\/09\/Screenshot-2024-09-19-000622-300x150.png 300w, https:\/\/batlote.org\/wp-content\/uploads\/2024\/09\/Screenshot-2024-09-19-000622-768x385.png 768w, https:\/\/batlote.org\/wp-content\/uploads\/2024\/09\/Screenshot-2024-09-19-000622.png 1047w\" sizes=\"auto, (max-width: 1024px) 100vw, 1024px\" \/><\/figure>\n<\/div>\n\n\n\n<div class=\"wp-block-column is-vertically-aligned-center is-layout-flow wp-block-column-is-layout-flow\" style=\"flex-basis:75%\"><h2 class=\"wp-block-post-title\"><a href=\"https:\/\/batlote.org\/?p=179\" target=\"_self\" >B\u1ed5 sung DHA cho b\u00e0 b\u1ea7u b\u1eb1ng c\u00e1ch n\u00e0o?<\/a><\/h2><\/div>\n<\/div>\n\n<\/li><li class=\"wp-block-post post-176 post type-post status-publish format-standard hentry category-cam-nang-mang-thai\">\n\n<div class=\"wp-block-columns are-vertically-aligned-center is-layout-flex wp-container-core-columns-is-layout-9d6595d7 wp-block-columns-is-layout-flex\">\n<div class=\"wp-block-column is-vertically-aligned-center is-layout-flow wp-block-column-is-layout-flow\" style=\"flex-basis:25%\">\n\n\n<figure class=\"wp-block-image size-large\"><img loading=\"lazy\" decoding=\"async\" width=\"1024\" height=\"513\" src=\"https:\/\/batlote.org\/wp-content\/uploads\/2024\/09\/Screenshot-2024-09-19-000622-1024x513.png\" alt=\"\" class=\"wp-image-139\" srcset=\"https:\/\/batlote.org\/wp-content\/uploads\/2024\/09\/Screenshot-2024-09-19-000622-1024x513.png 1024w, https:\/\/batlote.org\/wp-content\/uploads\/2024\/09\/Screenshot-2024-09-19-000622-300x150.png 300w, https:\/\/batlote.org\/wp-content\/uploads\/2024\/09\/Screenshot-2024-09-19-000622-768x385.png 768w, https:\/\/batlote.org\/wp-content\/uploads\/2024\/09\/Screenshot-2024-09-19-000622.png 1047w\" sizes=\"auto, (max-width: 1024px) 100vw, 1024px\" \/><\/figure>\n<\/div>\n\n\n\n<div class=\"wp-block-column is-vertically-aligned-center is-layout-flow wp-block-column-is-layout-flow\" style=\"flex-basis:75%\"><h2 class=\"wp-block-post-title\"><a href=\"https:\/\/batlote.org\/?p=176\" target=\"_self\" >B\u00e0 b\u1ea7u \u0103n m\u1ea5y qu\u1ea3 tr\u1ee9ng ng\u1ed7ng l\u00e0 \u0111\u1ee7?<\/a><\/h2><\/div>\n<\/div>\n\n<\/li><\/ul><\/div>\n\n\n\n<p><\/p>\n","protected":false},"excerpt":{"rendered":"","protected":false},"author":1,"featured_media":0,"parent":0,"menu_order":0,"comment_status":"closed","ping_status":"closed","template":"","meta":{"footnotes":""},"class_list":["post-25","page","type-page","status-publish","hentry"],"_links":{"self":[{"href":"https:\/\/batlote.org\/index.php?rest_route=\/wp\/v2\/pages\/25","targetHints":{"allow":["GET"]}}],"collection":[{"href":"https:\/\/batlote.org\/index.php?rest_route=\/wp\/v2\/pages"}],"about":[{"href":"https:\/\/batlote.org\/index.php?rest_route=\/wp\/v2\/types\/page"}],"author":[{"embeddable":true,"href":"https:\/\/batlote.org\/index.php?rest_route=\/wp\/v2\/users\/1"}],"replies":[{"embeddable":true,"href":"https:\/\/batlote.org\/index.php?rest_route=%2Fwp%2Fv2%2Fcomments&post=25"}],"version-history":[{"count":7,"href":"https:\/\/batlote.org\/index.php?rest_route=\/wp\/v2\/pages\/25\/revisions"}],"predecessor-version":[{"id":140,"href":"https:\/\/batlote.org\/index.php?rest_route=\/wp\/v2\/pages\/25\/revisions\/140"}],"wp:attachment":[{"href":"https:\/\/batlote.org\/index.php?rest_route=%2Fwp%2Fv2%2Fmedia&parent=25"}],"curies":[{"name":"wp","href":"https:\/\/api.w.org\/{rel}","templated":true}]}}